{"id":10,"date":"2023-12-28T23:44:32","date_gmt":"2023-12-28T23:44:32","guid":{"rendered":"https:\/\/sarload.com\/home\/servicos\/"},"modified":"2024-01-10T09:13:33","modified_gmt":"2024-01-10T09:13:33","slug":"servicos","status":"publish","type":"page","link":"https:\/\/sarload.com\/home\/servicos\/","title":{"rendered":"Servi\u00e7os"},"content":{"rendered":"\n<div class=\"wp-block-group alignfull has-background-background-color has-background has-global-padding is-layout-constrained wp-block-group-is-layout-constrained\" style=\"margin-top:0;margin-bottom:0;padding-top:0\">\n<div class=\"wp-block-cover alignfull ext-import\" style=\"padding-top:0;padding-right:0;padding-bottom:0;padding-left:0;min-height:50px;aspect-ratio:unset;\"><span aria-hidden=\"true\" class=\"wp-block-cover__background has-black-background-color has-background-dim-60 has-background-dim\"><\/span><img decoding=\"async\" class=\"wp-block-cover__image-background\" alt=\"\" src=\"https:\/\/images.unsplash.com\/photo-1488229297570-58520851e868?fit=crop&amp;crop=entropy%2Cfaces&amp;auto=format%2Ccompress&amp;w=1280\" data-object-fit=\"cover\"\/><div class=\"wp-block-cover__inner-container is-layout-flow wp-block-cover-is-layout-flow\">\n<div class=\"wp-block-group has-global-padding is-layout-constrained wp-container-core-group-is-layout-dc79e9a9 wp-block-group-is-layout-constrained\" style=\"padding-top:var(--wp--preset--spacing--60);padding-right:var(--wp--preset--spacing--30);padding-bottom:var(--wp--preset--spacing--60);padding-left:var(--wp--preset--spacing--30)\">\n<h1 class=\"wp-block-heading has-text-align-center has-text-color has-x-large-font-size\" style=\"color:#fffffffc\">Servi\u00e7os de Tecnologia Avan\u00e7ada e Inovadora<\/h1>\n<\/div>\n<\/div><\/div>\n<\/div>\n\n\n\n<div class=\"wp-block-group alignfull has-background-background-color has-background has-global-padding is-layout-constrained wp-container-core-group-is-layout-7276a2bb wp-block-group-is-layout-constrained\" style=\"margin-top:0;margin-bottom:0;padding-top:var(--wp--preset--spacing--60);padding-right:var(--wp--preset--spacing--30);padding-bottom:var(--wp--preset--spacing--60);padding-left:var(--wp--preset--spacing--30)\">\n<div class=\"wp-block-group alignwide has-global-padding is-content-justification-center is-layout-constrained wp-block-group-is-layout-constrained\">\n<h2 class=\"wp-block-heading has-text-align-center\">Servi\u00e7os de Tecnologia Avan\u00e7ada para Empresas<\/h2>\n\n\n\n<p class=\"has-text-align-center\" style=\"margin-top:16px\">Oferecemos servi\u00e7os de tecnologia personalizados para ajudar sua empresa a alcan\u00e7ar o sucesso digital. Nossa equipa de especialistas est\u00e1 pronta para enfrentar qualquer desafio tecnol\u00f3gico.<\/p>\n<\/div>\n\n\n\n<div class=\"wp-block-columns alignwide is-layout-flex wp-container-core-columns-is-layout-d0846407 wp-block-columns-is-layout-flex\">\n<div class=\"wp-block-column is-layout-flow wp-block-column-is-layout-flow\">\n<figure class=\"wp-block-image ext-aspect-landscape ext-import\"><img decoding=\"async\" src=\"https:\/\/images.unsplash.com\/photo-1526374965328-7f61d4dc18c5?fit=crop&amp;crop=entropy%2Cfaces&amp;auto=format%2Ccompress&amp;w=1280&amp;h=960\" alt=\"\"\/><\/figure>\n\n\n\n<h3 class=\"wp-block-heading has-text-align-center\" style=\"margin-top:24px;font-size:20px;line-height:1.5\">Desenvolvimento de Software<\/h3>\n\n\n\n<p>Desenvolvimento de software personalizado para impulsionar a efici\u00eancia e produtividade do seu negocio. Os nossos clientes procuram-nos quando precisam de melhorar rapidamente os seus recursos t\u00e9cnicos ou quando lhes falta a experi\u00eancia ou conhecimento sobre os sistemas e o software que precisam de desenvolver.<\/p>\n<\/div>\n\n\n\n<div class=\"wp-block-column is-layout-flow wp-block-column-is-layout-flow\">\n<figure class=\"wp-block-image ext-aspect-landscape ext-import\"><img decoding=\"async\" src=\"https:\/\/images.unsplash.com\/photo-1550751827-4bd374c3f58b?fit=crop&amp;crop=entropy%2Cfaces&amp;auto=format%2Ccompress&amp;w=1280&amp;h=960\" alt=\"\"\/><\/figure>\n\n\n\n<h3 class=\"wp-block-heading has-text-align-center\" style=\"margin-top:24px;font-size:20px;line-height:1.5\">Consultoria em TI<\/h3>\n\n\n\n<p>Somos uma empresa independente de tecnologia e consultoria, oferecemos aos nossos clientes solu\u00e7\u00f5es hol\u00edsticas e inovadoras: desde consultoria especializada e de TI, produtos de software de desenvolvimento pr\u00f3prio, at\u00e9 a concep\u00e7\u00e3o e implementa\u00e7\u00e3o de estrat\u00e9gias orientadas para o futuro e novos modelos de neg\u00f3cios.<\/p>\n\n\n\n<p>A ind\u00fastria 4.0 procura a transforma\u00e7\u00e3o metodol\u00f3gica e tecnol\u00f3gica do modelo de produ\u00e7\u00e3o. Como em qualquer processo de transforma\u00e7\u00e3o, \u00e9 necess\u00e1rio analisar qual \u00e9 o ponto de partida, decidir o horizonte a atingir e definir a forma de empreender esfor\u00e7os para construir o caminho.<\/p>\n\n\n\n<p>Como empresa independente, a nossa equipa tentar\u00e1 encontrar a melhor solu\u00e7\u00e3o para a sua empresa.<\/p>\n\n\n\n<p>No mercado existem muitas solu\u00e7\u00f5es que se podem ajustar j\u00e1 sua necessidade. Ajudamos os nossos clientes, na tomada decis\u00e3o, gest\u00e3o do processo de implementa\u00e7\u00e3o e mudan\u00e7a, bem como na implementa\u00e7\u00e3o e integra\u00e7\u00e3o nas solu\u00e7\u00f5es j\u00e1 existentes na empresa.<\/p>\n<\/div>\n\n\n\n<div class=\"wp-block-column is-layout-flow wp-block-column-is-layout-flow\">\n<figure class=\"wp-block-gallery has-nested-images columns-default is-cropped wp-block-gallery-1 is-layout-flex wp-block-gallery-is-layout-flex\">\n<figure class=\"wp-block-image ext-aspect-landscape ext-import\"><img decoding=\"async\" src=\"https:\/\/images.unsplash.com\/photo-1612773073063-5dc1e48fa47b?fit=crop&amp;crop=entropy%2Cfaces&amp;auto=format%2Ccompress&amp;w=1280&amp;h=960\" alt=\"\"\/><\/figure>\n<\/figure>\n\n\n\n<h3 class=\"wp-block-heading has-text-align-center\" style=\"margin-top:24px;font-size:1.5rem;line-height:1.5\">Consultoria<\/h3>\n\n\n\n<p>Posicionamo-nos como um parceiro na an\u00e1lise e otimiza\u00e7\u00e3o de processos de uma forma integral, defini\u00e7\u00e3o de KPI\u2019s em \u00e1reas t\u00e3o diversas como abastecimento, log\u00edstica interna, fluxo do processo produtivo e controlo da qualidade.<\/p>\n<\/div>\n<\/div>\n<\/div>\n\n\n\n<div class=\"wp-block-group alignfull has-background-background-color has-background has-global-padding is-layout-constrained wp-container-core-group-is-layout-7276a2bb wp-block-group-is-layout-constrained\" style=\"margin-top:0;margin-bottom:0;padding-top:var(--wp--preset--spacing--60);padding-right:var(--wp--preset--spacing--30);padding-bottom:var(--wp--preset--spacing--60);padding-left:var(--wp--preset--spacing--30)\">\n<div class=\"wp-block-group alignwide has-global-padding is-content-justification-left is-layout-constrained wp-container-core-group-is-layout-17af7ffb wp-block-group-is-layout-constrained\">\n<h1 class=\"wp-block-heading\" style=\"margin-top:12px\">Consultoria especializada para otimizar o crescimento do seu neg\u00f3cio<\/h1>\n\n\n\n<p style=\"margin-top:16px\">Maximize o potencial do seu neg\u00f3cio com Sarload. Transforme desafios em oportunidades e alcance o sucesso.<\/p>\n<\/div>\n\n\n\n<div class=\"wp-block-group alignwide is-nowrap is-layout-flex wp-container-core-group-is-layout-c4bc5739 wp-block-group-is-layout-flex\">\n<figure class=\"wp-block-image alignwide ext-aspect-landscape-wide ext-import\"><img decoding=\"async\" src=\"https:\/\/images.unsplash.com\/photo-1613759612065-d5971d32ca49?fit=crop&amp;crop=entropy%2Cfaces&amp;auto=format%2Ccompress&amp;w=1280&amp;h=960\" alt=\"\"\/><\/figure>\n\n\n\n<figure class=\"wp-block-image alignwide ext-aspect-landscape-wide ext-import\"><img decoding=\"async\" src=\"https:\/\/images.unsplash.com\/photo-1612773073063-5dc1e48fa47b?fit=crop&amp;crop=entropy%2Cfaces&amp;auto=format%2Ccompress&amp;w=1280&amp;h=960\" alt=\"\"\/><\/figure>\n\n\n\n<figure class=\"wp-block-image alignwide ext-aspect-landscape-wide ext-import\"><img decoding=\"async\" src=\"https:\/\/images.unsplash.com\/photo-1573167507387-6b4b98cb7c13?fit=crop&amp;crop=entropy%2Cfaces&amp;auto=format%2Ccompress&amp;w=1280&amp;h=960\" alt=\"\"\/><\/figure>\n<\/div>\n<\/div>\n","protected":false},"excerpt":{"rendered":"<p>Servi\u00e7os de Tecnologia Avan\u00e7ada para Empresas Oferecemos servi\u00e7os de tecnologia personalizados para ajudar sua empresa a alcan\u00e7ar o sucesso digital. Nossa equipa de especialistas est\u00e1 pronta para enfrentar qualquer desafio tecnol\u00f3gico. Desenvolvimento de Software Desenvolvimento de software personalizado para impulsionar a efici\u00eancia e produtividade do seu negocio. Os nossos clientes procuram-nos quando precisam de melhorar [&hellip;]<\/p>\n","protected":false},"author":1,"featured_media":0,"parent":0,"menu_order":0,"comment_status":"closed","ping_status":"closed","template":"no-title","meta":{"_monsterinsights_skip_tracking":false,"_monsterinsights_sitenote_active":false,"_monsterinsights_sitenote_note":"","_monsterinsights_sitenote_category":0,"footnotes":""},"class_list":["post-10","page","type-page","status-publish","hentry"],"aioseo_notices":[],"yoast_head":"<!-- This site is optimized with the Yoast SEO plugin v22.8 - https:\/\/yoast.com\/wordpress\/plugins\/seo\/ -->\n<title>Servi\u00e7os - Digital Solutions Consulting<\/title>\n<meta name=\"robots\" content=\"index, follow, max-snippet:-1, max-image-preview:large, max-video-preview:-1\" \/>\n<link rel=\"canonical\" href=\"https:\/\/sarload.com\/home\/servicos\/\" \/>\n<meta property=\"og:locale\" content=\"pt_PT\" \/>\n<meta property=\"og:type\" content=\"article\" \/>\n<meta property=\"og:title\" content=\"Servi\u00e7os - Digital Solutions Consulting\" \/>\n<meta property=\"og:description\" content=\"Servi\u00e7os de Tecnologia Avan\u00e7ada para Empresas Oferecemos servi\u00e7os de tecnologia personalizados para ajudar sua empresa a alcan\u00e7ar o sucesso digital. Nossa equipa de especialistas est\u00e1 pronta para enfrentar qualquer desafio tecnol\u00f3gico. Desenvolvimento de Software Desenvolvimento de software personalizado para impulsionar a efici\u00eancia e produtividade do seu negocio. Os nossos clientes procuram-nos quando precisam de melhorar [&hellip;]\" \/>\n<meta property=\"og:url\" content=\"https:\/\/sarload.com\/home\/servicos\/\" \/>\n<meta property=\"og:site_name\" content=\"Digital Solutions Consulting\" \/>\n<meta property=\"article:modified_time\" content=\"2024-01-10T09:13:33+00:00\" \/>\n<meta property=\"og:image\" content=\"https:\/\/images.unsplash.com\/photo-1488229297570-58520851e868?fit=crop&amp;crop=entropy%2Cfaces&amp;auto=format%2Ccompress&amp;w=1280\" \/>\n<meta name=\"twitter:card\" content=\"summary_large_image\" \/>\n<meta name=\"twitter:label1\" content=\"Tempo estimado de leitura\" \/>\n\t<meta name=\"twitter:data1\" content=\"3 minutos\" \/>\n<script type=\"application\/ld+json\" class=\"yoast-schema-graph\">{\"@context\":\"https:\/\/schema.org\",\"@graph\":[{\"@type\":\"WebPage\",\"@id\":\"https:\/\/sarload.com\/home\/servicos\/\",\"url\":\"https:\/\/sarload.com\/home\/servicos\/\",\"name\":\"Servi\u00e7os - Digital Solutions Consulting\",\"isPartOf\":{\"@id\":\"https:\/\/sarload.com\/home\/#website\"},\"primaryImageOfPage\":{\"@id\":\"https:\/\/sarload.com\/home\/servicos\/#primaryimage\"},\"image\":{\"@id\":\"https:\/\/sarload.com\/home\/servicos\/#primaryimage\"},\"thumbnailUrl\":\"https:\/\/images.unsplash.com\/photo-1488229297570-58520851e868?fit=crop&amp;crop=entropy%2Cfaces&amp;auto=format%2Ccompress&amp;w=1280\",\"datePublished\":\"2023-12-28T23:44:32+00:00\",\"dateModified\":\"2024-01-10T09:13:33+00:00\",\"breadcrumb\":{\"@id\":\"https:\/\/sarload.com\/home\/servicos\/#breadcrumb\"},\"inLanguage\":\"pt-PT\",\"potentialAction\":[{\"@type\":\"ReadAction\",\"target\":[\"https:\/\/sarload.com\/home\/servicos\/\"]}]},{\"@type\":\"ImageObject\",\"inLanguage\":\"pt-PT\",\"@id\":\"https:\/\/sarload.com\/home\/servicos\/#primaryimage\",\"url\":\"https:\/\/images.unsplash.com\/photo-1488229297570-58520851e868?fit=crop&amp;crop=entropy%2Cfaces&amp;auto=format%2Ccompress&amp;w=1280\",\"contentUrl\":\"https:\/\/images.unsplash.com\/photo-1488229297570-58520851e868?fit=crop&amp;crop=entropy%2Cfaces&amp;auto=format%2Ccompress&amp;w=1280\"},{\"@type\":\"BreadcrumbList\",\"@id\":\"https:\/\/sarload.com\/home\/servicos\/#breadcrumb\",\"itemListElement\":[{\"@type\":\"ListItem\",\"position\":1,\"name\":\"Home\",\"item\":\"https:\/\/sarload.com\/home\/\"},{\"@type\":\"ListItem\",\"position\":2,\"name\":\"Servi\u00e7os\"}]},{\"@type\":\"WebSite\",\"@id\":\"https:\/\/sarload.com\/home\/#website\",\"url\":\"https:\/\/sarload.com\/home\/\",\"name\":\"Digital Solutions Consulting\",\"description\":\"\",\"publisher\":{\"@id\":\"https:\/\/sarload.com\/home\/#organization\"},\"potentialAction\":[{\"@type\":\"SearchAction\",\"target\":{\"@type\":\"EntryPoint\",\"urlTemplate\":\"https:\/\/sarload.com\/home\/?s={search_term_string}\"},\"query-input\":\"required name=search_term_string\"}],\"inLanguage\":\"pt-PT\"},{\"@type\":\"Organization\",\"@id\":\"https:\/\/sarload.com\/home\/#organization\",\"name\":\"Digital Solutions Consulting\",\"url\":\"https:\/\/sarload.com\/home\/\",\"logo\":{\"@type\":\"ImageObject\",\"inLanguage\":\"pt-PT\",\"@id\":\"https:\/\/sarload.com\/home\/#\/schema\/logo\/image\/\",\"url\":\"https:\/\/sarload.com\/home\/wp-content\/uploads\/2023\/12\/LOGO-BRANCO.png\",\"contentUrl\":\"https:\/\/sarload.com\/home\/wp-content\/uploads\/2023\/12\/LOGO-BRANCO.png\",\"width\":524,\"height\":560,\"caption\":\"Digital Solutions Consulting\"},\"image\":{\"@id\":\"https:\/\/sarload.com\/home\/#\/schema\/logo\/image\/\"}}]}<\/script>\n<!-- \/ Yoast SEO plugin. -->","yoast_head_json":{"title":"Servi\u00e7os - Digital Solutions Consulting","robots":{"index":"index","follow":"follow","max-snippet":"max-snippet:-1","max-image-preview":"max-image-preview:large","max-video-preview":"max-video-preview:-1"},"canonical":"https:\/\/sarload.com\/home\/servicos\/","og_locale":"pt_PT","og_type":"article","og_title":"Servi\u00e7os - Digital Solutions Consulting","og_description":"Servi\u00e7os de Tecnologia Avan\u00e7ada para Empresas Oferecemos servi\u00e7os de tecnologia personalizados para ajudar sua empresa a alcan\u00e7ar o sucesso digital. Nossa equipa de especialistas est\u00e1 pronta para enfrentar qualquer desafio tecnol\u00f3gico. Desenvolvimento de Software Desenvolvimento de software personalizado para impulsionar a efici\u00eancia e produtividade do seu negocio. Os nossos clientes procuram-nos quando precisam de melhorar [&hellip;]","og_url":"https:\/\/sarload.com\/home\/servicos\/","og_site_name":"Digital Solutions Consulting","article_modified_time":"2024-01-10T09:13:33+00:00","og_image":[{"url":"https:\/\/images.unsplash.com\/photo-1488229297570-58520851e868?fit=crop&amp;crop=entropy%2Cfaces&amp;auto=format%2Ccompress&amp;w=1280"}],"twitter_card":"summary_large_image","twitter_misc":{"Tempo estimado de leitura":"3 minutos"},"schema":{"@context":"https:\/\/schema.org","@graph":[{"@type":"WebPage","@id":"https:\/\/sarload.com\/home\/servicos\/","url":"https:\/\/sarload.com\/home\/servicos\/","name":"Servi\u00e7os - Digital Solutions Consulting","isPartOf":{"@id":"https:\/\/sarload.com\/home\/#website"},"primaryImageOfPage":{"@id":"https:\/\/sarload.com\/home\/servicos\/#primaryimage"},"image":{"@id":"https:\/\/sarload.com\/home\/servicos\/#primaryimage"},"thumbnailUrl":"https:\/\/images.unsplash.com\/photo-1488229297570-58520851e868?fit=crop&amp;crop=entropy%2Cfaces&amp;auto=format%2Ccompress&amp;w=1280","datePublished":"2023-12-28T23:44:32+00:00","dateModified":"2024-01-10T09:13:33+00:00","breadcrumb":{"@id":"https:\/\/sarload.com\/home\/servicos\/#breadcrumb"},"inLanguage":"pt-PT","potentialAction":[{"@type":"ReadAction","target":["https:\/\/sarload.com\/home\/servicos\/"]}]},{"@type":"ImageObject","inLanguage":"pt-PT","@id":"https:\/\/sarload.com\/home\/servicos\/#primaryimage","url":"https:\/\/images.unsplash.com\/photo-1488229297570-58520851e868?fit=crop&amp;crop=entropy%2Cfaces&amp;auto=format%2Ccompress&amp;w=1280","contentUrl":"https:\/\/images.unsplash.com\/photo-1488229297570-58520851e868?fit=crop&amp;crop=entropy%2Cfaces&amp;auto=format%2Ccompress&amp;w=1280"},{"@type":"BreadcrumbList","@id":"https:\/\/sarload.com\/home\/servicos\/#breadcrumb","itemListElement":[{"@type":"ListItem","position":1,"name":"Home","item":"https:\/\/sarload.com\/home\/"},{"@type":"ListItem","position":2,"name":"Servi\u00e7os"}]},{"@type":"WebSite","@id":"https:\/\/sarload.com\/home\/#website","url":"https:\/\/sarload.com\/home\/","name":"Digital Solutions Consulting","description":"","publisher":{"@id":"https:\/\/sarload.com\/home\/#organization"},"potentialAction":[{"@type":"SearchAction","target":{"@type":"EntryPoint","urlTemplate":"https:\/\/sarload.com\/home\/?s={search_term_string}"},"query-input":"required name=search_term_string"}],"inLanguage":"pt-PT"},{"@type":"Organization","@id":"https:\/\/sarload.com\/home\/#organization","name":"Digital Solutions Consulting","url":"https:\/\/sarload.com\/home\/","logo":{"@type":"ImageObject","inLanguage":"pt-PT","@id":"https:\/\/sarload.com\/home\/#\/schema\/logo\/image\/","url":"https:\/\/sarload.com\/home\/wp-content\/uploads\/2023\/12\/LOGO-BRANCO.png","contentUrl":"https:\/\/sarload.com\/home\/wp-content\/uploads\/2023\/12\/LOGO-BRANCO.png","width":524,"height":560,"caption":"Digital Solutions Consulting"},"image":{"@id":"https:\/\/sarload.com\/home\/#\/schema\/logo\/image\/"}}]}},"jetpack_sharing_enabled":true,"_links":{"self":[{"href":"https:\/\/sarload.com\/home\/wp-json\/wp\/v2\/pages\/10","targetHints":{"allow":["GET"]}}],"collection":[{"href":"https:\/\/sarload.com\/home\/wp-json\/wp\/v2\/pages"}],"about":[{"href":"https:\/\/sarload.com\/home\/wp-json\/wp\/v2\/types\/page"}],"author":[{"embeddable":true,"href":"https:\/\/sarload.com\/home\/wp-json\/wp\/v2\/users\/1"}],"replies":[{"embeddable":true,"href":"https:\/\/sarload.com\/home\/wp-json\/wp\/v2\/comments?post=10"}],"version-history":[{"count":7,"href":"https:\/\/sarload.com\/home\/wp-json\/wp\/v2\/pages\/10\/revisions"}],"predecessor-version":[{"id":90,"href":"https:\/\/sarload.com\/home\/wp-json\/wp\/v2\/pages\/10\/revisions\/90"}],"wp:attachment":[{"href":"https:\/\/sarload.com\/home\/wp-json\/wp\/v2\/media?parent=10"}],"curies":[{"name":"wp","href":"https:\/\/api.w.org\/{rel}","templated":true}]}}