{"id":15,"date":"2023-12-28T23:44:44","date_gmt":"2023-12-28T23:44:44","guid":{"rendered":"https:\/\/sarload.com\/home\/inicio\/"},"modified":"2024-01-09T20:15:56","modified_gmt":"2024-01-09T20:15:56","slug":"inicio","status":"publish","type":"page","link":"https:\/\/sarload.com\/home\/","title":{"rendered":"In\u00edcio"},"content":{"rendered":"\n<div class=\"wp-block-cover alignfull ext-import\" style=\"padding-top:0;padding-right:0;padding-bottom:0;padding-left:0;min-height:818px;aspect-ratio:unset;\"><span aria-hidden=\"true\" class=\"wp-block-cover__background has-black-background-color has-background-dim-60 has-background-dim\"><\/span><img decoding=\"async\" class=\"wp-block-cover__image-background\" alt=\"\" src=\"https:\/\/images.unsplash.com\/photo-1526666923127-b2970f64b422?fit=crop&amp;crop=entropy%2Cfaces&amp;auto=format%2Ccompress&amp;w=1280\" style=\"object-position:3% 100%\" data-object-fit=\"cover\" data-object-position=\"3% 100%\"\/><div class=\"wp-block-cover__inner-container is-layout-flow wp-block-cover-is-layout-flow\">\n<div class=\"wp-block-cover alignwide ext-import wp-duotone-background-and-primary\" style=\"padding-right:var(--wp--preset--spacing--30);padding-left:var(--wp--preset--spacing--30);min-height:821px;aspect-ratio:unset;\"><span aria-hidden=\"true\" class=\"wp-block-cover__background has-background-dim-0 has-background-dim\"><\/span><img decoding=\"async\" class=\"wp-block-cover__image-background wp-image-369\" alt=\"\" src=\"data:image\/png;base64,iVBORw0KGgoAAAANSUhEUgAABlQAAAOQCAMAAAB4kWyPAAAAQlBMVEUAAAAAAAAAAAAAAAAAAAAAAAAAAAAAAAAAAAAAAAAAAAAAAAAAAAAAAAAAAAAAAAAAAAAAAAAAAAAAAAAAAAAAAACO4fbyAAAAFXRSTlMAECAwQFBfYG9wf4CPkJ+gr7\/P3+8OgMMtAAAYLElEQVR42u3d6XKjTJqAUUjAkndZdt3\/jdpS\/6jqz5sWlhcJknMiJqJnptqLLHgiyUVlAQDDVPf\/\/kPptQBgoGYjKgAEuX0QFQCCPK5FBYAgm0ZUAAiyrUQFgCBvpagAEKN8K0QFgBj1i6gAEOS\/bSqiAsBQ93eiAkCQ5xtRASDISy0qAAR5TaICQJA\/hagAEKPaigoAQT5XFIsKAAP9d\/C9qAAw1H8H34sKAEN9rigWFQAG+lxRLCoADPN5RrGoADDQlxXFogLAMF9WFIsKAMN8nlEsKgAMtGlEBYAg20pUAAjypxAVAGJ8XfwlKgAMUr+ICgBBvhwnKSoADPN18ZeoADDIl+MkRQWAYd5KUQEgxrfFX6ICwBBfT\/4SFQAG+Xryl6gAMMi3xV+iAsAQX0\/+EhUABvlTiAoAMb4v\/hIVAAb4vvhLVAAY4HEtKgAE+XZIi6gAMMRbKSoAxPgxTy8qAPT3Y55eVADo7\/shLaICwADfD2kRFQAGeE2iAkCM8q0QFQBi1C+iAkCQn\/P0ogJAbz\/n6UUFgN5+ztOLCgB9pddCVACI8XM\/vagA0NuveXpRAaCvH+feiwoA\/b2VogJAjJ\/n3osKAL39nqcXFQB6+vH59KICQH+\/5+lFBYCe\/hSiAkCMX0cUiwoAfd0+iAoAQX4dUSwqAPT164hiUQGgpwNbH0UFgH5WT6ICQJCnlagAEGRbiQoAMcq3QlQAiHHgNElRAaCfA6dJigoA\/Rw4TVJUAOjl8JSKqADQw6HTJEUFgF7u70QFgCCHp1REBYAe\/hSiAkCMI1MqogJAd0emVEQFgO6OTKmICgCdHdmlIioAdHdsSkVUAOjs8MFfogJAD8emVEQFgK6OTqmICgBdHf4sFVEBoIeDH08vKgD0cfDj6UUFgB7SayEqAMRYPYkKAEE2jagAEOStFBUAYhw9o0VUAOjq2LH3ogJAZ0fPaBEVADo6fkaLqADQ0fEzWkQFgI6On9EiKgB09JpEBYAY1bYQFQBi3D6ICgBBTi0oFhUAujhxQrGoANDNiROKRQWAbk6cUCwqAHTzVooKADFOnVAsKgB0cnI7vagA0MXJ7fSiAkAHp7fTiwoAHZzeTi8qAHSwrUQFgBhnttOLCgDtndlOLyoAtHf6MElRAaC980+\/RAWAls4\/\/RIVAFo6c5ikqADQWvnW4t94mQBoo8XTL1EBoJ0WT79EBYB23loUQ1QAaKPZtPhHogJAG+c+SkVUAGitzdMvUQGgjVZPv0QFgDZaPf0SFQDa1OK1VS9EBYDz2ux8FBUAWmmz81FUAGgVi7eW\/85LBcA5LZ9+iQoA553\/zEdRAaCdFp\/5KCoAtNP26ZeoAHBW26dfogLAOa2ffokKAOfcPogKAEFek6gAEKN+af1PRQWA09odUCwqALTQ\/umXqABwWruP5xIVAFpoeUCxqABwVvtNKqICwBmtj2gRFQDO2VaiAkCMTk+\/RAWAUzpsUhEVAE7rsElFVAA4qdM0vagAcEqXTSqiAsAp3abpRQWAEzo+\/RIVAI7rNk0vKgAc1+GTVEQFgNO6bVIRFQCO6zpNLyoAHNV1ml5UADiq6zS9qABwTOdpelEB4JjO0\/SiAsAR3afpRQWAI7pP04sKAEd0n6YXFQAOazY9\/kuiAsAhHQ+9FxUAjuozTS8qABzUYz2xqABwWJ9pelEB4JA+64lFBYDAgYqoAPBbj2O\/RAWAw\/pN04sKAL\/1W08sKgAEDlREBYBfek7TiwoAv\/RcTywqAAQOVEQFgB\/6ricWFQB+6XU+sagAcEDv9cSiAsBPvdcTiwoAgQMVUQHgm7t7UQEgSP\/1xKICwHf9Nz6KCgCRAxVRASBsoCIqAHyxrUQFgBgDTmgRFQC+G3BCi6gA8M2gjY+iAsBXQ05oERUAQgcqogJA2EBFVAAIG6iICgBhAxVRAeDfQGU7PAmiAkBRFAPPvBcVAL4OVF7S8C8iKgBEDVREBYCiKIaeeS8qAHwaeOa9qAAQPFARFQDCBiqiAkDYQEVUAAgbqIgKAGEDFVEBIGygIioAhA1URAWAsIGKqAAQNlARFYDFCzn1S1QAKIKOJxYVAIIHKqICYKAiKgDECPhkelEB4O9A5TXyq4kKgIGKqAAwuYGKqAAYqIgKANMbqIgKgIGKqAAwXP0S\/AVFBWC5XlPwFxQVgMWKO\/JeVAAMVKIHKqICYKAiKgAMDcA2xX9NLyvAMkUeeS8qAMsWve9RVAAWLHrfo6gAGKiICgCDbRpRASDGCMuJRQVgqeL3PYoKgIGKqAAwTHoZZ6AiKgAL9HA70hcWFYDlDVRex\/rKogKwOKPsexQVgEVqNqN9aVEBWJqRlhOLCsACrR\/H+9qiArAsoy0nFhWA5Rlvll5UABY3UHkd86uLCsCijDhLLyoACzPWoV+iArA8o87SiwrAsox26JeoACxvoPI68jcQFYDl2FaiAkCMkWfpRQVgQcaepRcVgAUZdS+9qAAsa6DyOv73EBWAhXhN438PUQFYhjFPvBcVgGW5wCy9qAAsxQVm6UUFYCHG36IiKgBLUW7TZb6Plxogf3f3F4qXlxoge5fYoiIqAAvxmi70jUQFIHuXevglKgD5S9uL3etFBSB3m+Zi30pUADJ3oS0qogKwAJc5n0VUABbhMueziArAElzy4ZeoAOTtog+\/RAUgbxd9+CUqAFm77MMvUQHI2YUffokKQM4u\/PBLVAAyVr9c+juKCkCuLv7wS1QA8nXxh1+iApCtS6\/8EhWAfF3h4ZeoAOTqCg+\/RAUgU9d4+CUqAHm6ysMvUQHI01UefokKQJau8\/BLVABydKWHX6ICkKOX+krfWFQAsnN3f63vLCoAuUmvV\/vWogKQm9d0tW8tKgCZud7DL1EByM3lP0RFVABydbXVxKICkJ8rbaUXFYAMrR+v+u1FBSAjaXvd27qoAGTkNV33+4sKQD6uuZpYVADy0myu\/ROICkAurruaWFQAsrJprv4jiApAJq4+oSIqANm44tnEogKQW1OuP6EiKgC5uO7xLKICkJMrH88iKgAZmcSEiqgAZKHcpon8IP4WALM3jQkVUQHIwUQmVEQFIANTmVARFYAMmvKSJvOziArAzE1mQkVUAGZvCkd+iQpAHqrtlH4aUQGYsylNqIgKwMxtq0n9OKICMGOTmlARFYBZWz1N7AcSFYDZStup3cRFBWCuJnOMpKgAzN+Udj2KCsC8TW2SXlQA5qt+meAPJSoAszSxXY+iAjBjE5ykFxWAuXq4nWbr\/GUA5meKk\/SiAjBPk5ykFxWAWZrmJL2oAMzRRCfpRQVgjjbNdHvnrwMwL1OdpBcVgPlZP074hxMVgFmZ3nH3ogIw26ZMduGXqADMzsQ+k15UAGZsoqeziArADE154ZeoAMxLs5n6TygqAHMx7YVfogIwq6ZMe+GXqADMyIRP\/BIVgLmZ8IlfogIwM5Nf+CUqAJoiKgCLM\/3FxKICMBczWEwsKgBzacoMFhOLCsBM7tTbNJsf1V8LYOJmsZhYVABmYSYLv0QFQFNEBWBBJv2R9KICMCvVdlY\/rqgATNhsNqiICsD0mzKbDSqiAqApogKwFOVLNbsf2V8NYKKeVvProL8awDTNaoOKqABoiqgAaIqoANDBzfMsf2xRAZigmW2kFxWAKTflZaZ3Z1EBmJz5bXoUFQBNERUATREVAFrel+d3OIuoAGiKqADkboYHfokKgKaICkDm5nk4i6gAaIqoAGiKqACwhKaICoCmiApAbmZ62L2oAGiKqABoiqgAcFb9ksfvISoA1zfbD+USFQBNERUATREVAJbTFFEB0BRRAchE2uZ0IxYVgKs2ZcYfSC8qAJoiKgCaIioALKopogKgKaICoCmiAsA\/We1PERUATREVAE0RFQDyb4qoAGiKqADMWL3J9eYrKgCXlsnn0YsKgKaICoCmiAoAv6wfc\/7tRAXgku7us\/71RAVAU0QFQFNEBUBTRAWAwZ5W2f+KogKgKaICMLPb7Uu1hN\/SHxpAU0QFYEZy\/OhgUQHQFFEB0BRRAaAoMv5ILlEBuLibp+XcakUFYOSmPC\/olxUVgFHlfzSLqABoiqgAzM0SjmYRFYDL3GI39dJ+Y390gJGkTbW0X1lUAMZqymK2PIoKwNiqzfKaIioA46g3S7zBigrAGNaPi\/y1RQVgBAvbniIqACN6uF3oLy4qAOF31udmsb+6vz5ArAVuTxEVgLGassDtKaICMI5lLiUWFYAxLOrTU0QFYFRLXUosKgDxlnbSvagAjHdHfakW\/xJ4FwDEWPSyL1EBCFW9uKOKCkCMhZ4gKSoAI1j6si9RAYi7lz6uvAiiAhBiyad9iQpArEV+cLCoAIzi5smtVFQAYpiiFxWAqLuoKXpRAQhiil5UAKKYohcVgCim6EUFIIopelEBiLp\/bmovgqgAhHDQvagARKk37p+iAhDDdIqoAETdOu14FBWAIKZTRAUgiukUUQGIYjpFVACi7pqmU0QFIIjpFFEBiNI8u2uKCkAM0ymiAhB1w3TYl6gABPHZKaICEGX94IYpKgAxN8v7Wy+CqACE8FH0ogIQxcEsogIQxUpiUQEIkp6tJBYVgBj1s5XEogIQY\/3oNRAVgJh7pE30ogIQxCZ6UQGI4tGXqABE3R+fGy+CqACE8OhLVACiePQlKgBR90arvkQFIIgNj6ICEMVZX6ICEMRZX6ICEMUx96ICEOXBJzyKCkAMn\/AoKgBR1g9uiqICEHNDfFx5EUQFIITNKaICEMXmFFEBCGJziqgARDFDLyoAUXdCM\/SiAhDEDL2oAESxh15UAILYQy8qAFHM0IsKQNQwxUJiUQEI0jy7B4oKQMz9794MvagAxLCQWFQADFNEBWBiqo1hiqgAxHAisagABLHfUVQAotjvKCoAUcMU+x1FBcAwRVQADFNEBcAwBVEBMEwRFQDDFFEBMExBVADDFEQFwDBFVAAMU0QFIA\/Vk2GKqADEcCCxqAAE8fGOogIQdYfz8Y6iAmCYIioAhimICpCn5tn9TVQAQtjuKCoAUWx3FBWAILY7igpA1G3NBL2oAASxjlhUAKLuac+NF0FUAEKYoBcVgCAm6EUFIOp2ZoJeVACCmKAXFYAgdtCLCkCUuzs3M1EBCOHJl6gARN3GHldeBFEBCGFriqgABKkfTdCLCkDMHczWFFEBCOLJl6gABPHkS1QAom5ennyJCkAQT75EBSBI\/VR5EUQFIEJ68kFcogIQc9e6dc6XqADEcM6XqAAEccK9qABE3bAsIxYVgCCWEYsKQBAb6EUFIIjJFFEBiLpTWUYsKgBBTKaICkAQkymiAhDEZIqoAETdom7vvQiiAhDCZIqoAARxzJeoAEQlxfy8qADESA8rL4KoAITcmWx2FBWAIHeSIioAMczPiwpAVFLMz4sKQAz750UFIOqG5JMdRQUg6HZkyZeoAEgKogJMy+rBki9RAQhhyZeoAEgKogJICqICZMnBkaICEHUHsjFFVACC7j9WEYsKgKQgKoCkICpAltYPbj6iAhDC9nlRAQjSPEmKqACEsNdRVAAkBVEBJAVRASQFUQGQFFEBkBREBZAURAWQFEQFQFIQFUBSEBVAUhAVAEkRFQBJQVSASVrdSYqoAMQkxeeliApAzF3l9lZSRAUgJik+e15UACQFUQEkBVEBMpTu1m4oeA8AEeq7lRcBUQFCkmKnI6ICSAqiAkyKzfOIChB0C7HTEVEBopJiDTGiAkgKogJMiTXEiAoQlRQLvhAVIIYFX4gKEHTXMJWCqACSgqgAk1I\/NF4ERAUISYrZeUQFiLlZrO\/snUdUgJBbhakURAWIYaMjogJEJcVUCqICxNwjHEOMqAAx0tpUCqIChPDcC1EBgm4O67WkICpAyK3BEmJEBYjhuReiAgTdFTz3QlSAoHuC516IChDDcy9EBQi6HaxvK68CogJEDFLWa\/cDRAUISYrnXogKEHMfMDmPqAAGKYgKMKlbgMl5RAUIGqSYnEdUgKBBip3ziApgkIKoAFO68OsHgxREBYhQrawgRlQAgxREBTBIQVQAgxQQFeAwy70QFSDoSrcnBVEBDFIQFcAgBVEBchykPNSuckQFiLi+fU4KogLEXNwWECMqQAxz84gKEHRd364MUhAVIGSQ4uOBERUgpigeeyEqQMz1bEsKogIEDVI89kJUgJiieOyFqAAx1\/HtuvIqICpAwEV8c+exF6ICRKjvblzFiAoQUZQbZ3shKkDIxWvbPKICxFy5dqQgKkDMZVs9Vi5dRAUIYEcKogIEFcXUPKIChEhrU\/OIChByrZqaR1QARUFUgCldpTd3FnshKkDEJVo5hwVRAUI42QtRAYKKYkMKogIoCqICKAqICigKiAqgKIgKoCggKqAoICqgKCAqQIeL0J55RAWIuQJvVoqCqAAhRXFSJKIChFx7TrNHVIAQaaUoiAoQob7xqcCIChBSlPUqeRUQFWD45WbxMKICxFxr67WlXogKEMDEPKICxDCNgqgAMVdYfWsaBVEBIi4v0yiIChDCbhREBYi5ruqVo+wRFSBAWnnohagAEaz0QlSAmKvJZ6OASwBihijm5UFUwBAFRAUMUUBUwBAFRAUwRAFRAUMUEBWY9kVTrW8qLwOICgxmuzyICsRcLfXKdnkQFQhgWh5EBUKk1ap2qYCowPBL5KbxzAtEBQIuD+u8QFQgRN1Y5wWiAgFMooCoQExQGpvlQVQg4nowKw+iAiHXgq2NICoQFBTLvEBUIOAaqNaNvfIgKiAoICogKCAqkNP73hwKiAqEvOdvGkEBUYHhUmMfCogKRARl1TSCAqICg1U3zvICUYGAt3h1s3LaMIgKDH97m5MHUYEIplBAVCDkXV01plBAVCBggNJ44gWiAiEDFE+8QFQgYIBSrRprvEBUwAAFRAWmMUBpmpvkTQyiAsMHKJZ4gajAcNWNB14gKjBcahoz8iAqMPzNWq9qD7xAVGDw+7RqVpUHXiAqMLwnJlBAVEBPQFRgGm\/MdNPUzvACUQHjExAV0BNAVMhEqmrru0BUYHhPmsb+ExAVGPz2S7X98SAqMPydV9emT0BUYLCq9rgLRAVChid2n4CowNA3mtkTEBUIkJq6MnsCogJDc1LVTe3TfkFUYOD7qmrkBEQFAnJSmTwBUYGBUlXLCYgKBOTEwy5AVBickybJCSAqDH3jpLqpnSoMiAoDByeedQGigsEJICpMoyZ1ZXACiApDa5KaujQ4AUQFNQFEhWvXpK7UBBAVBklVapJ5E0BUGDg0SU2ypgsQFYb84cuqrgxNAFFhYExSk8yaAKLC8JGJmACiQn+prFNVJ4+5AFFhyMAk1VWVDEwAUWFYS1JV+rsCokJPqUyprqqkJYCo0HtYkqq6NPkOiAqDUpKqZFgCTPIW9brbv3+873c7r8WU\/X3AlZJRCTDtqPz5\/3\/a7\/YfH+8fhbxMZ0xSplSXBiXAHKPyab\/bf3zs3vf73d4LdPEhSZGqlKqUSiUB8ojKF7tdoS8XGZGkVKXSkATIOypf+7Lf79\/3u\/f9fu8BWcB4pEwpVUWVCrMkwBKj8tV+vys+dvv3ncK0Ho38l5HSgy1AVM6MYXa7\/W73UWjMt4gUdVEVVVkajQCi0rsxxa7Y7z6K3W63L3bFEipTlkUqqqKoi6pIpaEIICoj2u\/3+2K\/2+2L92K3L\/b7OYcmFUVZ\/g1ImYqqMAwBuGxUjoxnil1R7HfFbl8U70Xx8ff\/NonelOXf\/6mKoqiLokxFURVFKuQDYKJROROcYr8vimK\/K4ri32rm97\/\/v49v\/+r3f+9zQHGgFH9V\/\/5J+vzfUvn\/f6EbAJlFBQBRAUBUAEBUABAVAEQFAEQFAFEBQFQAEBUAEBUARAUAUQEAUQFAVAAQFQBEBQBEBQBRAUBUAEBUABAVAEQFAFEBAFEBQFQAEBUAEBUARAUAUQFAVABAVAAQFQBEBQBEBQBRAUBUABAVABAVAEQFAFEBAFEBQFQAEBUARAUARAUAUQFAVABAVAAQFQBEBQBRAQBRAUBUABAVAEQFAEQFAFEBQFQAQFQAEBUARAUAUQEAUQFAVAAQFQAQFQBEBQBRAUBUAEBUABAVAEQFAEQFAFEBQFQAEBUAEBUARAUAUQEAUQFAVAAQFQBEBQBEBQBRAUBUAEBUABAVAEQFAFEBAFEBQFQAEBUAEBUARAUAUQFAVABAVAAQFQBEBQBEBQBRAUBUABAVABAVAEQFAFEBQFQAQFQAEBUARAUARAUAUQFAVABYbFSevAYABPkfTGrHU1jpivYAAAAASUVORK5CYII=\" style=\"object-position:0% 0%\" data-object-fit=\"cover\" data-object-position=\"0% 0%\"\/><div class=\"wp-block-cover__inner-container is-layout-flow wp-block-cover-is-layout-flow\">\n<div class=\"wp-block-group has-global-padding is-content-justification-left is-layout-constrained wp-container-core-group-is-layout-12dd3699 wp-block-group-is-layout-constrained\">\n<div class=\"wp-block-group alignwide has-global-padding is-content-justification-left is-layout-constrained wp-container-core-group-is-layout-9b086d9d wp-block-group-is-layout-constrained\" style=\"padding-top:var(--wp--preset--spacing--40);padding-bottom:var(--wp--preset--spacing--60)\">\n<h1 class=\"wp-block-heading has-text-align-left has-white-color has-text-color\" style=\"margin-top:12px\">N\u00e3o quer perder a digitaliza\u00e7\u00e3o?<\/h1>\n\n\n\n<p>A mudan\u00e7a \u00e9 a lei da vida. E aqueles que olham apenas para o passado e para o presente ir\u00e3o certamente perder o futuro.\u201d<\/p>\n\n\n\n<p class=\"has-text-align-right\">John F. Kennedy<\/p>\n<\/div>\n<\/div>\n<\/div><\/div>\n<\/div><\/div>\n\n\n\n<div class=\"wp-block-group alignfull has-background-background-color has-background has-global-padding is-layout-constrained wp-container-core-group-is-layout-7276a2bb wp-block-group-is-layout-constrained\" style=\"margin-top:0;margin-bottom:0;padding-top:var(--wp--preset--spacing--60);padding-right:var(--wp--preset--spacing--30);padding-bottom:var(--wp--preset--spacing--60);padding-left:var(--wp--preset--spacing--30)\">\n<h3 class=\"wp-block-heading has-text-align-center\"><\/h3>\n\n\n\n<p>A Ind\u00fastria 4.0 representa a quarta revolu\u00e7\u00e3o industrial e est\u00e1 centrada na digitaliza\u00e7\u00e3o, automa\u00e7\u00e3o e interconex\u00e3o de processos de produ\u00e7\u00e3o. Ela procura uma transforma\u00e7\u00e3o significativa nos modelos tradicionais de produ\u00e7\u00e3o, incorporando avan\u00e7os tecnol\u00f3gicos como Internet das Coisas (IoT), intelig\u00eancia artificial, big data, rob\u00f3tica avan\u00e7ada e outros.<\/p>\n\n\n\n<p>Como em qualquer processo de mudan\u00e7a, \u00e9 essencial avaliar a situa\u00e7\u00e3o atual, estabelecer metas futuras e definir uma estrat\u00e9gia para percorrer o caminho desejado.<\/p>\n\n\n\n<p>A transi\u00e7\u00e3o para a Ind\u00fastria 4.0 \u00e9 desafiadora, mas uma abordagem planeada e flex\u00edvel pode maximizar os benef\u00edcios dessa revolu\u00e7\u00e3o na produ\u00e7\u00e3o.<\/p>\n<\/div>\n","protected":false},"excerpt":{"rendered":"<p>A Ind\u00fastria 4.0 representa a quarta revolu\u00e7\u00e3o industrial e est\u00e1 centrada na digitaliza\u00e7\u00e3o, automa\u00e7\u00e3o e interconex\u00e3o de processos de produ\u00e7\u00e3o. Ela procura uma transforma\u00e7\u00e3o significativa nos modelos tradicionais de produ\u00e7\u00e3o, incorporando avan\u00e7os tecnol\u00f3gicos como Internet das Coisas (IoT), intelig\u00eancia artificial, big data, rob\u00f3tica avan\u00e7ada e outros. Como em qualquer processo de mudan\u00e7a, \u00e9 essencial avaliar [&hellip;]<\/p>\n","protected":false},"author":1,"featured_media":0,"parent":0,"menu_order":0,"comment_status":"closed","ping_status":"closed","template":"no-title","meta":{"_monsterinsights_skip_tracking":false,"_monsterinsights_sitenote_active":false,"_monsterinsights_sitenote_note":"","_monsterinsights_sitenote_category":0,"footnotes":""},"class_list":["post-15","page","type-page","status-publish","hentry"],"aioseo_notices":[],"yoast_head":"<!-- This site is optimized with the Yoast SEO plugin v22.8 - https:\/\/yoast.com\/wordpress\/plugins\/seo\/ -->\n<title>In\u00edcio - Digital Solutions Consulting<\/title>\n<meta name=\"robots\" content=\"index, follow, max-snippet:-1, max-image-preview:large, max-video-preview:-1\" \/>\n<link rel=\"canonical\" href=\"https:\/\/sarload.com\/home\/\" \/>\n<meta property=\"og:locale\" content=\"pt_PT\" \/>\n<meta property=\"og:type\" content=\"article\" \/>\n<meta property=\"og:title\" content=\"In\u00edcio - Digital Solutions Consulting\" \/>\n<meta property=\"og:description\" content=\"A Ind\u00fastria 4.0 representa a quarta revolu\u00e7\u00e3o industrial e est\u00e1 centrada na digitaliza\u00e7\u00e3o, automa\u00e7\u00e3o e interconex\u00e3o de processos de produ\u00e7\u00e3o. Ela procura uma transforma\u00e7\u00e3o significativa nos modelos tradicionais de produ\u00e7\u00e3o, incorporando avan\u00e7os tecnol\u00f3gicos como Internet das Coisas (IoT), intelig\u00eancia artificial, big data, rob\u00f3tica avan\u00e7ada e outros. Como em qualquer processo de mudan\u00e7a, \u00e9 essencial avaliar [&hellip;]\" \/>\n<meta property=\"og:url\" content=\"https:\/\/sarload.com\/home\/\" \/>\n<meta property=\"og:site_name\" content=\"Digital Solutions Consulting\" \/>\n<meta property=\"article:modified_time\" content=\"2024-01-09T20:15:56+00:00\" \/>\n<meta property=\"og:image\" content=\"https:\/\/images.unsplash.com\/photo-1526666923127-b2970f64b422?fit=crop&amp;crop=entropy%2Cfaces&amp;auto=format%2Ccompress&amp;w=1280\" \/>\n<meta name=\"twitter:card\" content=\"summary_large_image\" \/>\n<meta name=\"twitter:label1\" content=\"Tempo estimado de leitura\" \/>\n\t<meta name=\"twitter:data1\" content=\"2 minutos\" \/>\n<script type=\"application\/ld+json\" class=\"yoast-schema-graph\">{\"@context\":\"https:\/\/schema.org\",\"@graph\":[{\"@type\":\"WebPage\",\"@id\":\"https:\/\/sarload.com\/home\/\",\"url\":\"https:\/\/sarload.com\/home\/\",\"name\":\"In\u00edcio - Digital Solutions Consulting\",\"isPartOf\":{\"@id\":\"https:\/\/sarload.com\/home\/#website\"},\"primaryImageOfPage\":{\"@id\":\"https:\/\/sarload.com\/home\/#primaryimage\"},\"image\":{\"@id\":\"https:\/\/sarload.com\/home\/#primaryimage\"},\"thumbnailUrl\":\"https:\/\/images.unsplash.com\/photo-1526666923127-b2970f64b422?fit=crop&amp;crop=entropy%2Cfaces&amp;auto=format%2Ccompress&amp;w=1280\",\"datePublished\":\"2023-12-28T23:44:44+00:00\",\"dateModified\":\"2024-01-09T20:15:56+00:00\",\"breadcrumb\":{\"@id\":\"https:\/\/sarload.com\/home\/#breadcrumb\"},\"inLanguage\":\"pt-PT\",\"potentialAction\":[{\"@type\":\"ReadAction\",\"target\":[\"https:\/\/sarload.com\/home\/\"]}]},{\"@type\":\"ImageObject\",\"inLanguage\":\"pt-PT\",\"@id\":\"https:\/\/sarload.com\/home\/#primaryimage\",\"url\":\"https:\/\/images.unsplash.com\/photo-1526666923127-b2970f64b422?fit=crop&amp;crop=entropy%2Cfaces&amp;auto=format%2Ccompress&amp;w=1280\",\"contentUrl\":\"https:\/\/images.unsplash.com\/photo-1526666923127-b2970f64b422?fit=crop&amp;crop=entropy%2Cfaces&amp;auto=format%2Ccompress&amp;w=1280\"},{\"@type\":\"BreadcrumbList\",\"@id\":\"https:\/\/sarload.com\/home\/#breadcrumb\",\"itemListElement\":[{\"@type\":\"ListItem\",\"position\":1,\"name\":\"Home\",\"item\":\"https:\/\/sarload.com\/home\/\"},{\"@type\":\"ListItem\",\"position\":2,\"name\":\"In\u00edcio\"}]},{\"@type\":\"WebSite\",\"@id\":\"https:\/\/sarload.com\/home\/#website\",\"url\":\"https:\/\/sarload.com\/home\/\",\"name\":\"Digital Solutions Consulting\",\"description\":\"\",\"publisher\":{\"@id\":\"https:\/\/sarload.com\/home\/#organization\"},\"potentialAction\":[{\"@type\":\"SearchAction\",\"target\":{\"@type\":\"EntryPoint\",\"urlTemplate\":\"https:\/\/sarload.com\/home\/?s={search_term_string}\"},\"query-input\":\"required name=search_term_string\"}],\"inLanguage\":\"pt-PT\"},{\"@type\":\"Organization\",\"@id\":\"https:\/\/sarload.com\/home\/#organization\",\"name\":\"Digital Solutions Consulting\",\"url\":\"https:\/\/sarload.com\/home\/\",\"logo\":{\"@type\":\"ImageObject\",\"inLanguage\":\"pt-PT\",\"@id\":\"https:\/\/sarload.com\/home\/#\/schema\/logo\/image\/\",\"url\":\"https:\/\/sarload.com\/home\/wp-content\/uploads\/2023\/12\/LOGO-BRANCO.png\",\"contentUrl\":\"https:\/\/sarload.com\/home\/wp-content\/uploads\/2023\/12\/LOGO-BRANCO.png\",\"width\":524,\"height\":560,\"caption\":\"Digital Solutions Consulting\"},\"image\":{\"@id\":\"https:\/\/sarload.com\/home\/#\/schema\/logo\/image\/\"}}]}<\/script>\n<!-- \/ Yoast SEO plugin. -->","yoast_head_json":{"title":"In\u00edcio - Digital Solutions Consulting","robots":{"index":"index","follow":"follow","max-snippet":"max-snippet:-1","max-image-preview":"max-image-preview:large","max-video-preview":"max-video-preview:-1"},"canonical":"https:\/\/sarload.com\/home\/","og_locale":"pt_PT","og_type":"article","og_title":"In\u00edcio - Digital Solutions Consulting","og_description":"A Ind\u00fastria 4.0 representa a quarta revolu\u00e7\u00e3o industrial e est\u00e1 centrada na digitaliza\u00e7\u00e3o, automa\u00e7\u00e3o e interconex\u00e3o de processos de produ\u00e7\u00e3o. Ela procura uma transforma\u00e7\u00e3o significativa nos modelos tradicionais de produ\u00e7\u00e3o, incorporando avan\u00e7os tecnol\u00f3gicos como Internet das Coisas (IoT), intelig\u00eancia artificial, big data, rob\u00f3tica avan\u00e7ada e outros. Como em qualquer processo de mudan\u00e7a, \u00e9 essencial avaliar [&hellip;]","og_url":"https:\/\/sarload.com\/home\/","og_site_name":"Digital Solutions Consulting","article_modified_time":"2024-01-09T20:15:56+00:00","og_image":[{"url":"https:\/\/images.unsplash.com\/photo-1526666923127-b2970f64b422?fit=crop&amp;crop=entropy%2Cfaces&amp;auto=format%2Ccompress&amp;w=1280"}],"twitter_card":"summary_large_image","twitter_misc":{"Tempo estimado de leitura":"2 minutos"},"schema":{"@context":"https:\/\/schema.org","@graph":[{"@type":"WebPage","@id":"https:\/\/sarload.com\/home\/","url":"https:\/\/sarload.com\/home\/","name":"In\u00edcio - Digital Solutions Consulting","isPartOf":{"@id":"https:\/\/sarload.com\/home\/#website"},"primaryImageOfPage":{"@id":"https:\/\/sarload.com\/home\/#primaryimage"},"image":{"@id":"https:\/\/sarload.com\/home\/#primaryimage"},"thumbnailUrl":"https:\/\/images.unsplash.com\/photo-1526666923127-b2970f64b422?fit=crop&amp;crop=entropy%2Cfaces&amp;auto=format%2Ccompress&amp;w=1280","datePublished":"2023-12-28T23:44:44+00:00","dateModified":"2024-01-09T20:15:56+00:00","breadcrumb":{"@id":"https:\/\/sarload.com\/home\/#breadcrumb"},"inLanguage":"pt-PT","potentialAction":[{"@type":"ReadAction","target":["https:\/\/sarload.com\/home\/"]}]},{"@type":"ImageObject","inLanguage":"pt-PT","@id":"https:\/\/sarload.com\/home\/#primaryimage","url":"https:\/\/images.unsplash.com\/photo-1526666923127-b2970f64b422?fit=crop&amp;crop=entropy%2Cfaces&amp;auto=format%2Ccompress&amp;w=1280","contentUrl":"https:\/\/images.unsplash.com\/photo-1526666923127-b2970f64b422?fit=crop&amp;crop=entropy%2Cfaces&amp;auto=format%2Ccompress&amp;w=1280"},{"@type":"BreadcrumbList","@id":"https:\/\/sarload.com\/home\/#breadcrumb","itemListElement":[{"@type":"ListItem","position":1,"name":"Home","item":"https:\/\/sarload.com\/home\/"},{"@type":"ListItem","position":2,"name":"In\u00edcio"}]},{"@type":"WebSite","@id":"https:\/\/sarload.com\/home\/#website","url":"https:\/\/sarload.com\/home\/","name":"Digital Solutions Consulting","description":"","publisher":{"@id":"https:\/\/sarload.com\/home\/#organization"},"potentialAction":[{"@type":"SearchAction","target":{"@type":"EntryPoint","urlTemplate":"https:\/\/sarload.com\/home\/?s={search_term_string}"},"query-input":"required name=search_term_string"}],"inLanguage":"pt-PT"},{"@type":"Organization","@id":"https:\/\/sarload.com\/home\/#organization","name":"Digital Solutions Consulting","url":"https:\/\/sarload.com\/home\/","logo":{"@type":"ImageObject","inLanguage":"pt-PT","@id":"https:\/\/sarload.com\/home\/#\/schema\/logo\/image\/","url":"https:\/\/sarload.com\/home\/wp-content\/uploads\/2023\/12\/LOGO-BRANCO.png","contentUrl":"https:\/\/sarload.com\/home\/wp-content\/uploads\/2023\/12\/LOGO-BRANCO.png","width":524,"height":560,"caption":"Digital Solutions Consulting"},"image":{"@id":"https:\/\/sarload.com\/home\/#\/schema\/logo\/image\/"}}]}},"jetpack_sharing_enabled":true,"_links":{"self":[{"href":"https:\/\/sarload.com\/home\/wp-json\/wp\/v2\/pages\/15","targetHints":{"allow":["GET"]}}],"collection":[{"href":"https:\/\/sarload.com\/home\/wp-json\/wp\/v2\/pages"}],"about":[{"href":"https:\/\/sarload.com\/home\/wp-json\/wp\/v2\/types\/page"}],"author":[{"embeddable":true,"href":"https:\/\/sarload.com\/home\/wp-json\/wp\/v2\/users\/1"}],"replies":[{"embeddable":true,"href":"https:\/\/sarload.com\/home\/wp-json\/wp\/v2\/comments?post=15"}],"version-history":[{"count":9,"href":"https:\/\/sarload.com\/home\/wp-json\/wp\/v2\/pages\/15\/revisions"}],"predecessor-version":[{"id":82,"href":"https:\/\/sarload.com\/home\/wp-json\/wp\/v2\/pages\/15\/revisions\/82"}],"wp:attachment":[{"href":"https:\/\/sarload.com\/home\/wp-json\/wp\/v2\/media?parent=15"}],"curies":[{"name":"wp","href":"https:\/\/api.w.org\/{rel}","templated":true}]}}